 105. What is y(6)?
6
Let a(d) be the second derivative of -d**4/12 + d**3/6 + 3*d**2 - 3*d - 59. What is a(3)?
0
Let l(d) = -d**3 + 6*d - 5. Let o(n) = -8*n - 61. Let j be o(-8). Determine l(j).
-14
Let v(d) = d**3 - 5*d**2 + d + 3. Let i be 273/105 - 4/(-10). Let q(u) = -1 + 3*u + 2 - 5. Let y be q(i). Determine v(y).
8
Let h(g) = -8*g - 4*g + 20 + 2*g + 5*g + 4*g. Calculate h(0).
20
Let k = 498 + -487. Let y(s) = s**3 - 12*s**2 + 12*s - 16. Give y(k).
-5
Let s be -9*((-104)/(-6))/4. Let l be 5/4 + s/(-52). Let y(u) = -2*u**2 - 14 + 5 + l*u + 7 + 3*u. Calculate y(4).
-14
Let w(f) = -7*f + 10. Let h(n) be the third derivative of n**4/24 - n**3/6 - 2*n**2. Let y = -107 - -106. Let z(t) = y*w(t) - 6*h(t). Give z(-5).
-9
Let t(j) = 2*j - 8. Suppose 0 = -c - 3210 + 3217. What is t(c)?
6
Let j = 28 + -10. Let p(n) be the first derivative of -2*n - 17. Let t(h) = h + 19. Let c(f) = j*p(f) + 2*t(f). Calculate c(3).
8
Let q(c) = 24 + 33 + 19 - 42 - 3*c. Calculate q(10).
4
Suppose 3*j - 1094 + 1082 = 0. Let l be (1 - 0)/(-1)*-6. Let k(s) = -s**2 - 2*s - 4 + 3 + l*s. Give k(j).
-1
Let u(l) be the second derivative of -l**4/6 - l**3 - l. Suppose 6*a = 35 - 23. Let r = -6 + a. Determine u(r).
-8
Suppose 4*t = -2*j - 25 - 9, 2*j = -2*t - 16. Let p(u) = -u**3 - 8*u**2 + 10*u - 8. What is p(t)?
-17
Let o = -96 - -181. Suppose -o*i + 4 = -84*i. Let x(d) = -d**3 + 5*d**2 - 3*d - 2. Calculate x(i).
2
Let h(k) be the second derivative of k**4/12 - k**3/2 + k**2 + 31*k. Give h(2).
0
Let u(s) be the first derivative of s**2/2 - s + 2. Let b = -444 - -440. Calculate u(b).
-5
Let m(n) = n**2 - 10*n - 5. Let l be 2/(-5) + (-1272)/(-30) - -1. Let o = -33 + l. What is m(o)?
-5
Let b(o) = 1. Let f(g) = -g - 2. Let d(c) = 6*b(c) - f(c). Let n be d(-6). Let v(t) = -3*t - 9. Let k(m) = m + 2. Let r(q) = -9*k(q) - 2*v(q). What is r(n)?
-6
Let m = -1124 + 1119. Let x(v) = -v**3 - 4*v**2 + 3*v + 3. Calculate x(m).
13
Let m(d) = -31*d**2 - 19*d**2 - 6*d + 52*d**2 - 4. Give m(4).
4
Suppose 2*y = -2*y + 5*x + 5, -3*y = -4*x - 3. Suppose -y*m = -4 - 1. Let c(q) = -16*q**2 - 1. Determine c(m).
-17
Let r be (-42)/(-4)*(4 + -2). Let m be ((-21)/r)/(1/1). Let d(t) = -5 - 2*t + 5*t + 4. Give d(m).
-4
Let z(d) be the third derivative of -d**4/6 + 3*d**3/2 - 36*d**2. Let l(x) = 7*x**3 - 3*x**2 + x + 1. Let n be l(1). What is z(n)?
-15
Let k(c) = -c - 1. Let w = -1247 + 1240. Calculate k(w).
6
Let q(u) = -4*u + 26. Let m(c) = 2*c**2 - 44*c - 143. Let j be m(-3). Calculate q(j).
-2
Let w(y) = -y - 2. Suppose -16 = -5*o + 54. Suppose -2*v - 3*v = -2*u + 11, 0 = 3*u - 5*v - o. Let n be w(u). Let g(j) = -j. Determine g(n).
5
Suppose 15 = t - 5*k, 3*k + 22 = -2*t - 0*k. Let l(h) be the first derivative of h**2 + 2*h - 6. Determine l(t).
-8
Let q(f) be the third derivative of f**8/20160 + f**7/1008 - f**6/90 - 7*f**5/20 - 18*f**2. Let t(n) be the third derivative of q(n). What is t(-6)?
-2
Suppose 3*a - 2 = 4. Let u(s) be the second derivative of s**6/144 - s**5/120 + 11*s**4/12 - 11*s. Let f(r) be the third derivative of u(r). Calculate f(a).
9
Suppose 3*m + 18 = -3*w, m = -2*w - 2*m - 12. Let b(y) = -69 + y + 0*y + 111 - 37. Determine b(w).
-1
Let z(f) be the first derivative of -f**5/60 + f**4/3 - 4*f**3/3 + 9*f**2/2 - 21. Let o(t) be the second derivative of z(t). Calculate o(7).
-1
Let s be (6 + -10)/((-15)/(-6) - 3). Suppose 4*t - s = 4*f, -4*t + 3 = -3*t. Let w(g) = 0 + 12*g - 13*g + 1 + 4*g**2. Calculate w(f).
4
Let b = -7 - -12. Let v(j) = -3*j**3 - 8*j**2 + 2*j - 3. Let h(t) = 8*t**3 + 23*t**2 - 5*t + 7. Let d(k) = 4*h(k) + 11*v(k). Determine d(b).
-20
Let z(i) = -i**2 - 3*i - 1. Suppose 0 = -5*s + 9 + 31. Suppose 0*p + s*p = -24. What is z(p)?
-1
Let a(t) = -t**3 + t**2 + t - 7. Let i = -751 - -751. Give a(i).
-7
Let u(v) = -6*v**2 + v + 5. Let r(m) be the second derivative of -m**4/12 + m**2/2 + 8*m. Let z(y) = 5*r(y) - u(y). Give z(2).
2
Let q be 1/4 + 5/(-4). Let i(p) = -13*p**3 - 10*p**2 - 6*p - 1. Let a(t) = 14*t**3 + 12*t**2 + 7*t + 1. Let s(y) = 6*a(y) + 7*i(y). Determine s(q).
8
Let d(l) = -44*l + 1. Suppose 14*g - 23*g + 9 = 0. Determine d(g).
-43
Let j(h) = -3*h**2 - 65*h + 40. Let a(y) = y**2 + 22*y - 13. Let n(t) = -11*a(t) - 4*j(t). What is n(-19)?
2
Let g(p) = -4*p**3 + 2*p - 1. Let m be 1 + (-18 - (-1 - -1)). Let u = -17 - m. Suppose -a + 4 - 3 = u. Give g(a).
-3
Let q(i) = 5*i + 7. Let o = -676 - -676. Determine q(o).
7
Let n(i) = -i + 5. Let h be 2/(-4) + (-2)/(-8)*2. Determine n(h).
5
Let p = 19 - 16. Suppose -p*w = -17 - 7. Let r(q) = 1 + 7*q**2 + 0 - w*q**2 - 5*q. Calculate r(-3).
7
Let n be 6/30 + 48/10. Suppose 3*q - 12 = -3*t, -n*q + 4*t - 4 - 3 = 0. Let x(f) = 10 + 9 + 2*f + 4*f**3 + 1 - 21. Determine x(q).
5
Let y(t) be the first derivative of -t**4/4 + 14*t**3/3 + 15*t**2/2 - 6*t + 417. Determine y(15).
-6
Let q(c) = c - 21. Let d(p) = -p**3 - 28*p**2 + 30*p + 39. Let n be d(-29). Determine q(n).
-11
Let k = -104 - -124. Let m = 16 - k. Let a(u) = -u**2 - 3*u - 1. Give a(m).
-5
Let j(w) = -3*w**2 + 1. Let t be 12/(3 - -1) - 4. Determine j(t).
-2
Let v(p) be the first derivative of -p**5/120 - p**4/6 + 4*p**3/3 + 1. Let l(d) be the third derivative of v(d). Let h = -48 + 51. Calculate l(h).
-7
Let h(f) = 8*f - 1. Let w(b) = 4*b - 12. Let t(z) = z + 1. Let u(n) = 10*t(n) + w(n). Let c(a) = -11*h(a) + 6*u(a). Determine c(4).
-17
Let b(v) = 2*v**3 + 3*v**2 + 4*v - 3. Let w(z) = -5*z**3 - 9*z**2 - 11*z + 7. Let g(s) = -8*b(s) - 3*w(s). Give g(0).
3
Let r(s) = 0*s - 4*s + 13654 - 13657 + 3*s. Suppose -3*u + 3 + 12 = 0. Give r(u).
-8
Let o = 5 + -8. Let w(b) = 4*b + 32. Let r be w(-6). Let c(d) = 7 - r + d**2 - 4*d + 3*d + 4*d. What is c(o)?
-1
Let b(k) = k**2 - 2. Let x = -6 + 8. Let v be b(x). Let s(a) = -3*a**2 + a - 1. What is s(v)?
-11
Let b(j) = -j**3 + 10*j**2 + 10*j + 15. Let y be b(11). Let m(z) = z**2 + 5*z - 3. Calculate m(y).
33
Let z(a) = -6*a**2 - 9. Let j be (0 + (-3)/(-9))*75. Suppose -o = 4*o - j. Let r(f) = -7*f**2 - f - 10. Let l(i) = o*r(i) - 6*z(i). Determine l(5).
4
Let g(r) = -4*r - 390 - 12*r**2 + 4*r + r**3 + 376 + 11*r**2. What is g(0)?
-14
Suppose 3*s - 20 = -2. Let c(i) = 11*i - 26. Let u(q) = -2*q + 22. Let b(m) = 3*m - 21. Let a(o) = -5*b(o) - 4*u(o). Let l(w) = 8*a(w) + 5*c(w). Determine l(s).
0
Let a(u) be the second derivative of -1/6*u**3 + 0 + 5*u - 4*u**2. What is a(-8)?
0
Suppose 2 = s - 9. Let b = 13 - s. Suppose b*y - 4 = y. Let u(q) = 2*q + 3. Determine u(y).
11
Let g(k) = -k**3 - 7*k**2 - k + 1. Let o = 301 + -307. What is g(o)?
-29
Let d(s) = s**2 - 8*s + 1. Suppose 6 = -23*h + 24*h - 2*q, -5*h - 4*q = -16. What is d(h)?
-15
Let u(x) = x**3 - 9*x**2 - 8*x - 10. Let r(w) = 43*w - 162. Let j be r(4). Give u(j).
10
Let s(n) = 2*n - 6. Let d(t) = 3*t - 7. Suppose -43 + 3 = -8*j. Let a(k) = j*d(k) - 6*s(k). Give a(1).
4
Let j(n) = -n**3 + 5*n**2 + 7*n - 2. Suppose -1 = 4*s - 9. Suppose 4*i + u = 13, -3*i + s*u + 3*u - 19 = 0. Let y be (-176)/(-28) + i/(-7). Give j(y).
4
Let k = 171 - 156. Let i(l) = l**2 - 18*l + 16. Give i(k).
-29
Let q(j) = -j**2 - 3*j - 4. Let n be 3 - 93/(-2 + 5). Let g = -8 - -32. Let a = g + n. Give q(a).
-8
Suppose -4*y - 6 - 14 = 0, -3*q + 4*y = -14. Let s(x) be the first derivative of -x**2/2 - x + 5. Calculate s(q).
1
Let b(g) = 3*g + 9. Let r(z) = -2*z**3 - 2*z - 1. Let o be r(-1). Suppose -j - o*c + 0*c - 9 = 0, -5*c - 5 = 0. Determine b(j).
-9
Let v(w) = -w**2 + 4*w + 9. Let d be v(6). Let z(n) = -3*n - 2 + 309*n**2 - 156*n**2 - 154*n**2. Calculate z(d).
-2
Let t(d) = -d**2 - 44*d + 87. Let j be t(-46). Let b(h) = h**2 + 7*h + 6. Calculate b(j).
-4
Suppose -2*y + 5*y = 0. Let p be y + 0 + 1*-5. Let k(h) = 3*h. Let b(d) = 8*d - 5. Let f(q) = b(q) - 3*k(q). Calculate f(p).
0
Suppose -2*j = -4*y + 8, -3*j + 5*y = -0 + 9. Let d(x) = -x - 4*x - 1 + 4*x**2 - 2*x**2 - 3*x**j. Let w(s) = -2*s**2 + 4*s. Let k be w(3). What is d(k)?
-7
Let r(y) = -y**3 + 145*y**2 + 2*y - 73*y**2 - 77*y**2 + 11*y - 4 + y. Determine r(-7).
-4
Let b = -18 - -19. Suppose -3*y + 3*i = -45, -i - b = -2*i. Suppose x - 12 + y = 0. Let c(t) = t + 3. Give c(x).
-1
Let b(o) = -o**3 + 6*o**2 - 7*o + 2. Let s be (-2)/4*(1 + -5). Let a be s/(-5*(-12)/150). What is b(a)?
-8
Let x(b) = -b - 5*b - b + 5*b**2 - 2 + b**3 - 3. Let d = 44 